2 + i - 1. Suppose o + 10 = 2*r - 3*o, 5*r = -4*o + 25. Suppose r*h - 4 = 1. What is w(h)?
1
Let h(k) be the second derivative of k**3 + 0 + 1/24*k**4 - 1/60*k**5 + k**2 + 4*k. Let y(w) be the first derivative of h(w). Determine y(0).
6
Let r(y) = -10*y - 362. Let s be r(-37). Let h(t) = t**2 - 5*t - 15. What is h(s)?
9
Suppose 0 = 4*o - 2*o + 4*b + 2, 3*o = -2*b + 5. Let w(q) = 4*q**2 + 12*q**o + 0*q**3 + 4*q - 13*q**3. Give w(4).
16
Suppose 2*b = b + 4*b. Let u(y) = 3 + 4*y - 5*y - 5 + 0. Give u(b).
-2
Let k(n) = 2*n + 17. Let q be 4/1*(-1)/4*-11. What is k(q)?
39
Let k be (-88)/8 - -9 - 0. Let d(l) = -l**3 + 3*l**2 + l - 1. What is d(k)?
17
Let t = -175 - -171. Suppose -x = 2*u - 1, -2*x - 2*x - 3*u = -9. Let b(s) = -s - 8 + s**x + 0*s**3 + 3 + 5*s**2. Give b(t).
15
Suppose 0 = y + 5*q - 29 + 4, 0 = -4*y - 2*q + 28. Let t(v) = -v**2 + 4*v + 7. Let d be t(y). Let x(l) = l**2 + 2 + 0 - 8*l + 6*l. Calculate x(d).
2
Let c(a) = 19*a - 11*a - 7*a + 13 + a. Calculate c(-9).
-5
Let i(m) = 12*m**2 - 2*m - 1. Let x be 4*-12 + (2 - 1). Let l = x + 46. Give i(l).
13
Let m = -169 - -177. Let y(a) = a**3 - 9*a**2 + 8*a - 8. Calculate y(m).
-8
Let l(c) be the first derivative of -c**2/2 - c - 28. Let t(z) = z + 3. Let i(q) = -2*l(q) - t(q). Give i(-2).
-3
Let h = 7 - 1. Let j(o) = -h + 2 + 13 - o. Suppose -4*a - 2*a + 30 = 0. Determine j(a).
4
Let b(x) = -6*x + 9. Let a(v) = -7*v + 10. Let o(p) = p - 19. Let f be o(14). Let t = 0 + 6. Let j(m) = f*a(m) + t*b(m). Calculate j(6).
-2
Let a(l) = l**3 + 6*l**2 + l - 5. Let t(r) = r - 3. Let m(u) = a(u) - t(u). Determine m(-4).
30
Let h(s) = s**2 - 12*s + 22. Let y be h(10). Let w(b) be the second derivative of 0 - 1/3*b**3 - b**y - 2*b. What is w(2)?
-6
Let m = 1 - -4. Let d(j) = -10 - 3 + 5 - 32*j + 33*j - 3. Determine d(m).
-6
Suppose 42*x = 43*x + 5. Let h(s) = 2*s**2 + 6*s - 15. Give h(x).
5
Let y be (5 - (-102)/(-18)) + (-42)/(-9). Let a(n) = n**2 + 3*n + 4. Determine a(y).
32
Let i(d) = 3*d**2 + 9*d + 7. Let a(n) = -2*n**2 - 9*n - 6. Let g(z) = 4*a(z) + 3*i(z). Determine g(6).
-21
Let k(i) = -i + 4. Let f(y) = -14*y + 12. Let p be f(5). Let j = p + 61. What is k(j)?
1
Suppose 36*o - 29*o = 49. Let b(t) = t - 1. Give b(o).
6
Let j(o) = -2*o + 10. Let m = -330 + 338. Calculate j(m).
-6
Let h(f) = 8*f + 18. Let z(k) = -5*k**3 + 26*k**2 + 27*k - 20. Let l be z(6). Determine h(l).
2
Let s = -3 - -5. Let t be ((-2)/5)/((-5)/(-75)). Let u(m) = -14*m**2 - 35*m + 26. Let c(z) = 5*z**2 + 12*z - 9. Let o(w) = t*u(w) - 17*c(w). Determine o(s).
5
Let l(d) be the second derivative of d**7/2520 - d**6/180 + d**5/20 + 2*d**4 + 23*d. Let z(i) be the third derivative of l(i). Give z(4).
6
Let q be ((-18 - -7) + 7)*-1. Let r(i) = -i**3 - i**2 - i. Let n(v) = -4*v**3 - 10*v**2 - 3*v - 3. Let k(b) = n(b) - 5*r(b). Calculate k(q).
-11
Suppose -3*v + 12 = -3. Let j(d) = -4*d**3 + 8 - 5*d + 8*d**3 - v*d**2 - 3*d**3. Determine j(6).
14
Let n(m) = -3*m**3 + 7*m**2 + 9*m - 7. Let v(f) = 16*f**3 - 34*f**2 - 45*f + 34. Let b(j) = 11*n(j) + 2*v(j). Calculate b(10).
-19
Let w be 13/5 + 6/(-10). Suppose -z - w = -c - c, 0 = -2*c + 3*z - 6. Let k(o) = -6*o**3 - 6*o**3 + o**2 - 2*o**3 + 15*o**c. Determine k(-2).
-4
Let f(j) be the second derivative of -j**5/120 + j**4/12 + 10*j**3/3 + 9*j. Let y(k) be the second derivative of f(k). Determine y(-3).
5
Let o(r) = 2*r - 5*r - 9 - r + 2*r. Let n be o(-7). Suppose 24 = n*p - 4*t, 5*p + 7 = t + 28. Let j(q) = q**3 - 5*q**2 + 5. Determine j(p).
-11
Let x(b) be the third derivative of b**6/120 - b**5/20 + b**4/6 - 3*b**3/2 + 372*b**2. Determine x(3).
3
Suppose 27*d = -171 + 333. Let h(u) = -3*u + 9. What is h(d)?
-9
Suppose 11*w + 2 = 12*w. Let b(a) = a - 4 + a + w*a**2 - 5*a**2 - a**2 + a**3. Calculate b(4).
4
Let g(b) = -47 + 95 - 47. Let z(h) = -2*h - 2. Let q(w) = -5*g(w) - z(w). Calculate q(2).
1
Let n(d) = 13*d - 31*d + 2 + 9*d. Determine n(-3).
29
Let y(v) = -2*v**2 - 11*v - 3. Let k(f) = f**2 - 13*f + 31. Let i be k(9). What is y(i)?
2
Let p(o) = -4*o - 22. Let r = 303 + -312. Give p(r).
14
Let s = -122 + 1465/12. Let o(m) be the second derivative of 0 - 4*m + 1/2*m**2 - 1/20*m**5 + s*m**4 - 1/6*m**3. What is o(0)?
1
Let z(s) = -s**3 + 7*s**2 - 8*s + 9. Let k(y) = -y**2 - 7*y + 84. Let r be k(6). Give z(r).
-3
Let r(h) = 3*h**3 + h**2 + 6*h - 3. Let g(t) = -2*t**3 - 3*t + 1. Let j(m) = -5*g(m) - 3*r(m). Give j(3).
-5
Let d be (-2 - (-9)/6)*(1 + -1). Suppose 0 = 4*z - d*q + 3*q - 6, -z - 4*q - 5 = 0. Let a(c) = -c**2 + 3*c - 3. What is a(z)?
-3
Let z(h) = h + 7. Let p(c) = 2*c**2 + 23*c - 7. Let u be p(0). Calculate z(u).
0
Let j(q) = 1593*q**3 + 2*q**2 + 6*q - 3194*q**3 - 2 + 1600*q**3. Let h = -21 + 25. Determine j(h).
-10
Let f(y) = 0*y + 3*y**2 - 288 + 275 - 10*y - 2*y**2. Give f(11).
-2
Let p = 1515 + -1528. Let n(v) = v**3 + 13*v**2 + v + 5. What is n(p)?
-8
Let t(d) = -d + 4. Suppose 4*m - m - 24 = 0. Suppose -4*c = -0 - m. Let q(b) = -4*b + 2. Let y be q(c). Give t(y).
10
Let t = -46 - -81. Let y = -35 + t. Let r(o) = -o**2 - o + 2. Give r(y).
2
Let s be (3 + 1/(-1))*2/4. Let m(t) = -12*t + 4 - t**2 + 16*t - s. What is m(5)?
-2
Let m(n) = n**2 - 5*n - 3. Let s(k) be the third derivative of -k**5/60 - 5*k**4/12 - 5*k**3/6 - 2*k**2. Let o be s(-9). Determine m(o).
-7
Let w(k) be the third derivative of -k**5/60 - k**4/6 + k**3/6 - 802*k**2. Calculate w(-3).
4
Let c = 844 - 843. Let a(t) be the third derivative of 5*t**4/12 + t**3/6 - t**2. Give a(c).
11
Let j(s) = -2*s + 18. Let b(y) = -y + 10. Let n(p) = -3*b(p) + 2*j(p). Calculate n(-10).
16
Suppose 2*f + 34 = 3*v, 10*f + 1 = 11*f + 3*v. Let b(u) = u + 15. What is b(f)?
4
Suppose -12 = 2*n - 4. Let f(d) = 1. Let v(z) = 3*z. Let x(m) = 3*f(m) + v(m). Determine x(n).
-9
Let v(x) be the first derivative of 9*x - 39 + 1/2*x**2. Calculate v(-4).
5
Let f(a) = a**2 + 6*a - 1. Let t be -6*(-28)/12 - 3. Suppose -t*h = -h + 40. Determine f(h).
-9
Let m(v) = -33695*v - 1 + 33694*v - 2. Let i = 4 + -7. Give m(i).
0
Let f be (-10)/(-75) - 133/(-15). Let k(x) = -x**3 + 10*x**2 - 7*x - 18. Determine k(f).
0
Let l(y) be the first derivative of y**3/3 + y**2/2 - 2*y - 102. Let o(w) = -w**3 - 3*w**2 - w - 1. Let d be o(-3). Give l(d).
4
Suppose 3*y + 45 = -2*s, -8*y - s - 30 = -6*y. Let j(b) = -b**3 - 15*b**2 + 6. Calculate j(y).
6
Let d(y) = y**3 + 15*y**2 - 2*y - 18. Let v = -1105 + 1090. What is d(v)?
12
Let h(y) = -y**3 - 5*y**2 + 7*y - 6. Suppose 0 = -13*b + 12*b - 6. Calculate h(b).
-12
Suppose 3*y + 2*a = 2 - 1, -a = -4*y + 16. Let c(r) = 10 + 0*r - y*r - 14 - r**2 + r. Calculate c(-4).
-12
Let w(b) = -b**2 + 3*b. Suppose -4*r - a + 27 = 0, -8*r = -3*r + 4*a - 42. Give w(r).
-18
Let n be (-16 - (-3 + 7))/1. Let z(x) = x**3 + 21*x**2 + 19*x - 28. Give z(n).
-8
Let a be (135/18 - 9)*2. Let x(s) = -2*s**2 + 2*s + 10. Determine x(a).
-14
Let n(k) = -2*k**2 - 32*k + 38. Let j be n(-17). Let o(t) = t**2 - 3*t + 2. Calculate o(j).
6
Let j(h) = 2*h**2 + 2*h**2 + 10 + 4*h + h**3 - 2*h**3 + 0. Let x be j(5). Let i(c) be the second derivative of -c**4/12 + 5*c**3/6 + 5*c**2/2 - c. Give i(x).
5
Let s(g) = 8952*g + 10 - 4480*g - 4475*g. Calculate s(6).
-8
Suppose 13*o - 48 = 11*o. Let l = -20 + o. Let x(a) = a**2 - 5*a + 3. Give x(l).
-1
Let y(a) = 0 - 1 - 29*a**2 - a**3 + 3*a + 26*a**2. Let h be y(-4). Let m(d) = -2*d**2 + h*d**2 - 4*d**2 + 2*d**2. Give m(3).
-9
Suppose 0 = 2*q - 3*q - 3. Let n(m) be the first derivative of -m**4/24 - m**3/2 - m**2 + 13*m + 3. Let z(f) be the second derivative of n(f). Determine z(q).
0
Let i(h) = h + 10. Let c(f) = -8. Let l(x) = 7*c(x) + 6*i(x). Calculate l(-2).
-8
Let q(h) be the third derivative of -h**6/120 - h**5/6 + h**4/8 - 5*h**3/6 - 29*h**2 - h. What is q(-10)?
-35
Let a(k) = 0*k**2 + k + k**2 + 0*k**2 - 1. Let b be (1 + -1 - -7) + 3. Let u(q) = q**3 - 11*q**2 + 8*q + 17. Let i be u(b). Determine a(i).
5
Let l(o) = o**2 - 4*o - 6. Suppose 2*y = y + 2. Suppose 0 = -h + 6*h. Suppose -y*t = -h*t - 12. Calculate l(t).
6
Suppose 3*m = 9*m + 54. Let t(y) = -y**3 + 6*y**2 + 12*y + 8. Let x(l) = 5*l**3 - 23*l**2 - 49*l - 33. Let b(q) = m*t(q) - 2*x(q). Determine b(-7).
15
Let b(o) be the first derivative of o**2/2 - 10. Let x(z) = -z**3 - 6*z**2 + 6*z - 7. Let r be x(-7). Give b(r).
0
Suppose 5*y - 24 = t - 9, 4*